 d(u) = -46*u + 631. Let z be d(13). Calculate the greatest common divisor of z and 2277.
33
Suppose -5*k - 7 - 2 = -d, -1 = 5*k + d. Let i(f) = -11*f - 1. Let v be i(k). What is the highest common factor of v and 70?
10
Suppose -12 = -3*v + 2*f + 8, -4*v - 4 = 5*f. Calculate the highest common factor of v and 22.
2
Let x = 180 + -20. Suppose -l + 3*g = -2*l + 80, 2*l - x = 5*g. What is the greatest common divisor of 10 and l?
10
Let h = 541 - 289. Calculate the highest common factor of 18 and h.
18
Suppose 0 = x + 4*s + 16, 0*x + 3*s + 7 = -2*x. Suppose 10*i = 5*i - x*v + 237, 5*i - 210 = 5*v. What is the highest common divisor of 5 and i?
5
Let y(c) = c**3 + 19*c**2 - 11*c - 114. Let d be y(-19). What is the highest common factor of d and 361?
19
Suppose -293 = -3*o + 4*h, -o - 3*h + 75 = -14. Let b be 0 - 114/(-2 - 1). Calculate the highest common divisor of o and b.
19
Suppose 5*z = -x + z + 22, -5*z + 140 = 5*x. Suppose -g = s - 328, -3*s - 2*s = -4*g + 1330. What is the greatest common factor of g and x?
30
Let b(g) = g**2 - 4*g. Let d be 1/4 + 65/(-20). Let f be b(d). Suppose q = 12 + f. Calculate the highest common factor of 22 and q.
11
Let p = -1395 + 1455. What is the highest common factor of 285 and p?
15
Let j(z) = 28*z + 910. Let f be j(-15). Calculate the greatest common factor of f and 98.
98
Let f = 117 + -137. Let t = 20 - f. What is the greatest common divisor of t and 60?
20
Let j(i) = i**3 - 7*i**2 + 45*i - 470. Let x be j(9). Calculate the greatest common factor of 582 and x.
97
Let s = -4310 - -4409. Suppose 0 = 5*l + 2*c - 45, l - c = -l + 18. Calculate the greatest common factor of l and s.
9
Let p be 1/(-6)*(-4 - 2). Let m = -2 + p. Let a be 3/(m + -2) - -25. What is the highest common factor of 6 and a?
6
Suppose -19*s + 268 = -454. What is the greatest common divisor of 171 and s?
19
Suppose 0*a - 2*a = h - 76, 132 = 4*a - 3*h. Let x = -2334 - -2338. What is the greatest common divisor of a and x?
4
Suppose -17*l + 80 = -9*l. Suppose -2*r = 2*t - 12, 4*t + 0*r - 12 = 2*r. Suppose -t*k - 13 = -93. Calculate the highest common divisor of k and l.
10
Suppose -8*u + 30 = 6. Suppose -2*l - 31 = -f, u*f + l - 2*l = 88. Calculate the highest common factor of f and 29.
29
Suppose -4*y - 660 + 192 = 0. Let r = y - -121. Calculate the greatest common divisor of 20 and r.
4
Suppose -3*i + 15 = 0, 0*z + 4*i = -z + 20. Let a(o) = 4*o**2 + 16 - 3*o**2 - 5*o + z - 4*o. Let y be a(7). What is the highest common divisor of 2 and y?
2
Let f be (-3510)/(-24) - 2 - (-6)/(-24). What is the highest common divisor of f and 108?
36
Let z(v) = -11*v + 47. Let q be z(12). Let r = q + 104. What is the highest common divisor of r and 133?
19
Suppose 32*r - 4695 = 22569. What is the greatest common factor of 12 and r?
12
Let z = -31 + 35. Suppose z*g + 0*l - 10 = 2*l, 0 = g - 3*l. What is the greatest common factor of g and 6?
3
Let i(o) = -2*o**2 - 61*o - 89. Let k be i(-19). Calculate the greatest common divisor of 18 and k.
6
Let a = 2440 - 2090. Calculate the highest common divisor of 84 and a.
14
Suppose -x = -3*h - 10 - 28, 0 = 5*h - 2*x + 64. Let r = 16 + h. Suppose -5*n + 4*p = -3 - 35, r*n - 3*p = 30. Calculate the highest common factor of 30 and n.
6
Suppose -3*l = 0, 4*l + 40 = 4*i - 4. Suppose -5*q - 4 = -24, -5*s = -2*q - 7. Suppose s*g - 4*g = -33. What is the greatest common divisor of i and g?
11
Let s = 467 + -362. What is the greatest common factor of s and 70?
35
Let y(o) = -o**2 + 9*o. Let x be y(9). Suppose 3*p = -x*p - 6. Let c be (-3)/2 - 43/p. What is the greatest common divisor of c and 10?
10
Suppose -r - m + 1 = 0, 4*r = 3*r - 4*m - 8. Suppose -p - 1 + r = 0. Suppose -9 = -p*n - 0*n. What is the greatest common divisor of n and 27?
3
Suppose -5*i - 5*s = -1320, 0 = 4*i - 3*s + 140 - 1196. Calculate the greatest common divisor of 594 and i.
66
Let v be (-54)/(40/16*(-6)/130). What is the highest common divisor of v and 52?
52
Let n be 2/((-20)/(-12) + -2). Let a be (-3 - 32/n)/(2/48). Calculate the greatest common divisor of 140 and a.
28
Suppose -5*o - 3*u + 577 + 367 = 0, 3*o - 3*u - 552 = 0. Let m be (-33 + 36)/((-3)/(-17)). What is the greatest common divisor of m and o?
17
Let g = -524 - -1392. What is the greatest common divisor of 28 and g?
28
Let u be (76/(-24) - 6/(-4))*-3. Suppose 0 = 4*l - u*f - 199, -3 - 2 = -5*f. What is the greatest common factor of 510 and l?
51
Let z(y) = y**2 + 15*y + 356. Let f be z(-17). Calculate the greatest common factor of 30 and f.
30
Let q = 686 - -50. What is the highest common divisor of q and 46?
46
Suppose 2*h - 2*q - 9 = 3, 4*q - 66 = -5*h. Suppose -h*v - 560 = -15*v. What is the highest common divisor of v and 14?
14
Let x(m) = m**2 - m - 24. Let c be ((-18)/(-8))/((-3)/(-8)). Let a be x(c). Calculate the highest common divisor of 48 and a.
6
Let k(r) = 2*r - 13. Let b be k(8). Suppose u + b*u = 40. Let t = -3 + 18. Calculate the highest common factor of t and u.
5
Let c = -12 - -19. Suppose r - 5*i - 24 = 0, 9 = 4*i - c*i. Calculate the highest common divisor of 6 and r.
3
Let f = -49 + 72. Let p = 71 - f. What is the greatest common divisor of p and 32?
16
Let g = -59 - -69. Let x be ((-3)/12)/(g/(-160)). What is the greatest common factor of x and 52?
4
Suppose 2*i = 29 - 21. Suppose 0 = -x + i*x - 6. What is the greatest common divisor of x and 22?
2
Suppose 307 - 319 = -h. Calculate the greatest common factor of 33 and h.
3
Let a = 58 - 46. Suppose 5*y - 32 = 63. Let d = y - -77. Calculate the highest common factor of a and d.
12
Let a = 239 + -231. What is the highest common factor of 472 and a?
8
Suppose -3*o - 5*d = -23, -6*o - 2*d + 11 = -3*o. Let f = 22 + -15. What is the highest common factor of f and o?
1
Let h(c) = c + 12. Let k be h(30). Let t(a) = a**2 + 7*a - 6. Let p be t(-9). Calculate the greatest common factor of p and k.
6
Let n be -1 - (-12 - -5) - -1464. What is the greatest common factor of 14 and n?
14
Let j be (-705)/(-135) - 2/9. Suppose 0 = -v - 2*i - 2*i + 6, 0 = 5*v - i - 9. Suppose j*t - v*t = 39. What is the highest common factor of t and 104?
13
Suppose 2*x + 384 = 4*t, 93 = -47*t + 48*t + x. What is the greatest common factor of 171 and t?
19
Suppose -2*t - 4*s = 6, 0 = t - 2*s - 1 - 16. Suppose -r + t + 1 = 0. What is the highest common divisor of 88 and r?
8
Let o = -782 + 822. Let t(l) = 0*l - 2 - 1 - 3*l + 8*l**2. Let n be t(3). What is the greatest common divisor of n and o?
20
Suppose -3*x - x - 136 = 0. Suppose -a = -2*y + 36 + 244, 2*a + 284 = 2*y. Let c = y + x. What is the greatest common divisor of 13 and c?
13
Let a = 695 - 683. What is the greatest common divisor of 852 and a?
12
Let c(f) = 6*f**2 - 5*f + 77. Let u(n) = -7*n**2 + 6*n - 77. Let l(o) = 6*c(o) + 5*u(o). Let q be l(0). What is the highest common divisor of 7 and q?
7
Suppose -4*a - 2*o = -56, 0 = a + 3*a + 3*o - 60. Let y(p) = p**2 - 8*p. Let f be y(a). Calculate the highest common factor of 6 and f.
6
Let a = 45 + -29. Suppose -f + 14 = 3*d, -3*d = 4*f - 4*d - 30. What is the highest common divisor of f and a?
8
Suppose -509 = -6*z + 661. What is the greatest common divisor of 45 and z?
15
Let i(t) be the first derivative of -t**2/2 - 4*t - 5. Let x be i(-10). What is the highest common divisor of x and 9?
3
Let m(t) = t**2 + 7*t + 12. Let h be 1*(4 + 3 + -7). Let g be m(h). Calculate the greatest common divisor of g and 4.
4
Let w = 383 - -177. Calculate the greatest common divisor of 400 and w.
80
Suppose -959*k + 948*k = -1155. Calculate the greatest common divisor of k and 231.
21
Let o(x) = 134*x - 134. Let d be o(9). What is the greatest common factor of d and 67?
67
Let x = 17 - -13. Let y(r) = -r. Let w be y(-19). Let g = w + -4. Calculate the highest common divisor of x and g.
15
Let z = 271 - 247. Calculate the highest common divisor of z and 156.
12
Let x(t) = -10*t + 290. Let p be x(0). Calculate the greatest common divisor of 10 and p.
10
Suppose 8*x = 2*x + 858. What is the highest common factor of 13 and x?
13
Let o be -5*(92/20 + -4). Let g be ((-1)/(-3) + 590/(-15))*o. Calculate the highest common divisor of g and 9.
9
Let s(c) = -c**3 - 5*c**2 + c + 6. Let j be s(-5). Suppose -2*b = -b + 9. Let m be (2 + b)/((-3)/3). What is the greatest c